t is -2 - 121?
-123
In base 10, what is 334 - -1?
335
In base 9, what is -24 + 13?
-11
In base 4, what is 10 - -30?
100
In base 11, what is 405 - 1a?
396
In base 7, what is -3 - -162?
156
In base 9, what is -3 - -45?
42
In base 7, what is 5 + 606?
614
In base 15, what is -17d2 + 1?
-17d1
In base 15, what is -2 - 47?
-49
In base 9, what is 45 + -7?
37
In base 6, what is -12 - 14?
-30
In base 16, what is 18f - -19?
1a8
In base 7, what is -111 + -51?
-162
In base 5, what is 11403 + -4?
11344
In base 15, what is -e + 1?
-d
In base 13, what is 3 + -403?
-400
In base 8, what is -206 + -10?
-216
In base 10, what is 442 - -2?
444
In base 8, what is 201 + 1?
202
In base 16, what is a2 - -7?
a9
In base 7, what is 3 + -3?
0
In base 8, what is -415 + -2?
-417
In base 10, what is -100 + -7?
-107
In base 8, what is -2 - 14?
-16
In base 6, what is -15 + 4001?
3542
In base 11, what is -2437 - -1?
-2436
In base 3, what is -102 - 200?
-1002
In base 4, what is -3 - -1033103?
1033100
In base 10, what is -2 - 12?
-14
In base 14, what is 3 - -177c?
1781
In base 7, what is -25 - 226?
-254
In base 4, what is 2 + -2123?
-2121
In base 13, what is a96 - 4?
a92
In base 2, what is 10100 - 11011000?
-11000100
In base 12, what is -a + 71?
63
In base 5, what is 13 + -23443?
-23430
In base 15, what is 2 + 1087?
1089
In base 9, what is 80 + -5?
74
In base 14, what is -2 + b24?
b22
In base 10, what is -11 - 2522?
-2533
In base 3, what is -211 - 112?
-1100
In base 12, what is -3 - -46?
43
In base 9, what is -3 - 10?
-13
In base 13, what is -5 + 24b5?
24b0
In base 16, what is 5 - 2d?
-28
In base 2, what is 0 - -1101?
1101
In base 8, what is -3 - 1057?
-1062
In base 6, what is 5244 + 2?
5250
In base 12, what is -2 + -3935?
-3937
In base 8, what is -63 - 1?
-64
In base 16, what is 1 - 28?
-27
In base 16, what is -10e - -11?
-fd
In base 9, what is 3 - 6?
-3
In base 13, what is 2 - -275?
277
In base 3, what is 2211 - 0?
2211
In base 10, what is 26577 - -5?
26582
In base 3, what is -1210 + -11?
-1221
In base 5, what is 423 + -1?
422
In base 13, what is 41 - -4?
45
In base 10, what is 44 - 5?
39
In base 13, what is -13 - -214?
201
In base 7, what is 1122 - 3?
1116
In base 15, what is 1 + -182?
-181
In base 8, what is -1103 + -12?
-1115
In base 3, what is -2110 + -1?
-2111
In base 12, what is -22 + -3a?
-60
In base 13, what is -2 + 81?
7c
In base 14, what is 5 - -32?
37
In base 6, what is 2 + 124?
130
In base 6, what is 202 + 20?
222
In base 13, what is 7 - 35c?
-355
In base 9, what is 8064 + -5?
8058
In base 14, what is b - -8?
15
In base 5, what is -1322 + -10?
-1332
In base 9, what is -4 + 534?
530
In base 3, what is -12 - -121?
102
In base 7, what is -40 + -5?
-45
In base 10, what is -3 + 396?
393
In base 8, what is 354 + -14?
340
In base 12, what is -a + -1?
-b
In base 2, what is 1010101001 - 1?
1010101000
In base 13, what is 106 + 4?
10a
In base 8, what is -114 - -1?
-113
In base 6, what is 311 - -132?
443
In base 12, what is -247 + -2?
-249
In base 14, what is 29b - 4?
297
In base 11, what is 2 - -805?
807
In base 7, what is -15523 + 12?
-15511
In base 14, what is 38 - -4?
3c
In base 11, what is -80 - 0?
-80
In base 3, what is -202 + 10000?
2021
In base 2, what is 101 + 1001001?
1001110
In base 8, what is 14 + -25?
-11
In base 13, what is 1a + 5?
22
In base 13, what is 5 + -116?
-111
In base 7, what is -2 - 312?
-314
In base 15, what is -5 + -c6?
-cb
In base 13, what is -63 - 8?
-6b
In base 2, what is -100 + -10100011010?
-10100011110
In base 11, what is 0 + -2a63?
-2a63
In base 12, what is 0 + 58?
58
In base 3, what is 101202 - -11?
101220
In base 12, what is 7 + -20?
-15
In base 15, what is -5 - -15?
10
In base 12, what is -15 + -19?
-32
In base 7, what is -4 - 144?
-151
In base 3, what is -210 + -2?
-212
In base 16, what is 0 + fb?
fb
In base 11, what is -368 - 19?
-386
In base 16, what is 4 + -2e7?
-2e3
In base 12, what is -5 - 42?
-47
In base 9, what is 5 + 60?
65
In base 15, what is -4 - -414?
410
In base 9, what is 827 + -5?
822
In base 2, what is 101111 + 110010?
1100001
In base 5, what is -10 - 13234?
-13244
In base 11, what is 5 - -221?
226
In base 6, what is -13 + 5?
-4
In base 13, what is 5 + -52?
-4a
In base 10, what is 10 + 64?
74
In base 10, what is 1 + 90?
91
In base 12, what is b + 480?
48b
In base 14, what is -2 + -164?
-166
In base 3, what is 1211120 - 11?
1211102
In base 5, what is -4120 + -2?
-4122
In base 13, what is 26 - -57?
80
In base 15, what is 5944 + 5?
5949
In base 6, what is 12430 - 1?
12425
In base 16, what is -3 - 1ca?
-1cd
In base 14, what is 3 + -1a?
-17
In base 3, what is 1002 + 1?
1010
In base 6, what is 2 - 52?
-50
In base 15, what is 3 - -406?
409
In base 4, what is -11330 - -10?
-11320
In base 15, what is 26 - 11a?
-e4
In base 11, what is -11 + 5?
-7
In base 4, what is -12103 - 3?
-12112
In base 14, what is -17 + -d?
-26
In base 2, what is 11000 + 110110101?
111001101
In base 10, what is 4 + 8?
12
In base 2, what is 1 + -11111?
-11110
In base 16, what is -6 - 2?
-8
In base 15, what is -1 + 24?
23
In base 15, what is 1 + -9b?
-9a
In base 16, what is aee + -2?
aec
In base 7, what is -32 + 1?
-31
In base 2, what is 11001 + -1000111?
-101110
In base 10, what is -17 - 0?
-17
In base 2, what is -1001110111 - 10?
-1001111001
In base 16, what is 3 - 399?
-396
In base 16, what is -4 - -102?
fe
In base 6, what is 51 - -4502?
4553
In base 6, what is -4 - 454?
-502
In base 8, what is -4 + 467?
463
In base 12, what is 1 + -7?
-6
In base 11, what is -1 + 566?
565
In base 6, what is -12 + 3?
-5
In base 4, what is -12101 - -2?
-12033
In base 13, what is 5 - -2009?
2011
In base 8, what is 3 + 114?
117
In base 5, what is 40430 - -10?
40440
In base 11, what is 2 - 20?
-19
In base 2, what is -1001001010 + -11110?
-1001101000
In base 14, what is 1 + 62d?
630
In base 11, what is -3 - -2?
-1
In base 7, what is -6 - -524?
515
In base 7, what is 1 + -110?
-106
In base 10, what is 5 + -253?
-248
In base 13, what is -3 - c7?
-ca
In base 11, what is -17 + 197?
180
In base 2, what is -10001010000 + 100?
-10001001100
In base 2, what is -1001001100 - 10000?
-1001011100
In base 3, what is -20112212 + 12?
-20112200
In base 4, what is 1111 + 2?
1113
In base 6, what is 14 - -51?
105
In base 14, what is -442 - 0?
-442
In base 2, what is 1111000 - -10001?
10001001
In base 10, what is 11 + 267?
278
In base 6, what is 240553 - -1?
240554
In base 2, what is -1001101000 + -10?
-1001101010
In base 9, what is -15 - 230?
-245
In base 11, what is 338 - -4?
341
In base 14, what is 77 + -2?
75
In base 11, what is 1257 - -5?
1261
In base 9, what is 28 + -17?
11
In base 12, what is -7 - 850?
-857
In base 13, what is -13 + -20?
-33
In base 10, what is 2654 + -3?
2651
In base 12, what is 5 + -458?
-453
In base 8, what is 0 + -1116?
-1116
In base 16, what is 3596 + -4?
3592
In base 3, what is 11 + 1121?
1202
In base 13, what is 4 - c5?
-c1
In base 2, what is 0 - -1110000111?
1110000111
In base 2, what is 110101 - 100101011?
-11110110
In base 3, what is 1221 + -1010?
211
In base 16, what is 16 - -4?
1a
In base 15, what is -4 - a1?
-a5
In base 12, what is -22 - 17?
-39
In base 9, what is 1286 - 2?
1284
In base 13, what is 32 - 87?
-55
In base 6, what is 4 + 34?
42
In base 12, what is 489 - -3?
490
In base 11, what is 7 + -70?
-64
In base 10, what is -3764 - 1?
-3765
In base 7, what is 33 + 1?
34
In base 2, what is 1101 - 111110111?
-111101010
In base 7, what is 2013 + -40?
1643
In base 13, what is 207 + -41?
196
In base 14, what is -4 - -26d8?
26d4
In base 4, what is 101301 + -23?
101212
In base 5, what is -1442 - -2?
-1440
In base 16, what is 1c + -1b?
1
In base 13, what is 2 + 1b?
20
In base 4, what is -2310 - -10?
-2300
In base 16, what is -4cc - -5?
-4c7
In base 16, what is -355 - -5?
-350
In base 4, what is 2 + -213?
-211
In base 3, what is -1 + 10021?
10020
In base 5, what is 11 - 2031?
-2020
In base 6, what is -35 - -13?
-22
In base 15, what is 3 + -2bd?
-2ba
In base 4, what is 21 + -2130?
-2103
In base 8, what is 2 - 35?
-33
In base 6, what is 21 + -103?
-42
In base 16, what is c + 2?
e
In base 7, what is -3 - 65?
-101
In base 6, what is -5532 + -4?
-5540
In base 2, what is 11 + -101001010?
-101000111
In base 7, what is 646 - -20?
666
In base 11, what is -10 + -102?
-112
In base 11